{"id":13,"date":"2018-12-02T16:21:14","date_gmt":"2018-12-02T14:21:14","guid":{"rendered":"http:\/\/sammakot.com\/new\/?page_id=13"},"modified":"2021-02-28T09:34:32","modified_gmt":"2021-02-28T07:34:32","slug":"toiminta","status":"publish","type":"page","link":"https:\/\/sammakot.com\/new\/toiminta\/","title":{"rendered":"Toiminta"},"content":{"rendered":"\n<p class=\"has-background has-text-align-center has-small-font-size has-very-light-gray-background-color\"><a href=\"http:\/\/sammakot.com\/new\/toiminta\/sukelluskoulutus\/\">Sukelluskoulutus<\/a> | <a href=\"http:\/\/sammakot.com\/new\/toiminta\/junnut\/\">Junnut<\/a> | <a href=\"http:\/\/sammakot.com\/new\/toiminta\/sukelluskohteet\/\">Sukelluskohteet<\/a>\u00a0| <a href=\"https:\/\/sammakot.com\/new\/toiminta\/viikkosukellukset\/\">Viikkosukellukset <\/a>| <a href=\"http:\/\/sammakot.com\/new\/toiminta\/uimahalli\/\">Uimahalli<\/a> | <a href=\"http:\/\/sammakot.com\/new\/toiminta\/seuran-tilat-ja-kalusto\/\">Tilat ja kalusto<\/a> | <a href=\"http:\/\/sammakot.com\/new\/toiminta\/leirit\/\">Leirit<\/a> <\/p>\n\n\n\n<p>Sukellustoimintamme keskittyy talvikaudella AaltoAlvarille ja kes\u00e4isin Keski-Suomen vesist\u00f6ihin. Avovesikauden k\u00e4ynnist\u00e4v\u00e4t uimarantojen puhdistustalkoot. Perinteisiimme kuuluu my\u00f6s Norjan leiri hein\u00e4kuussa sek\u00e4 matkat etel\u00e4isille vesille vaihtelevissa kokoonpanoissa.<\/p>\n\n\n\n<h2 class=\"wp-block-heading\">Laitesukellus<\/h2>\n\n\n\n<p>Kes\u00e4kaudella j\u00e4rjest\u00e4mme viikkosukelluksen l\u00e4hivesiin joka keskiviikko. Lis\u00e4ksi teemme viikonloppureissuja muualle Suomeen esim. louhoksille Kaatialaan ja Montolaan. J\u00e4senist\u00f6n innon ja mahdollisuuksien mukaan pid\u00e4mme syysleirej\u00e4 tai osallistumme muiden seurojen tapahtumiin.<\/p>\n\n\n\n<h2 class=\"wp-block-heading\">Vapaasukellus ja snorkkelisukellus<\/h2>\n\n\n\n<p>Aktiivinen vapaasukellusporukkamme harjoittelee hallivuoroilla ja nauttii kes\u00e4isin syvemmist\u00e4 vesiss\u00e4 mm. l\u00e4hialueen louhoksilla. <\/p>\n\n\n\n<h2 class=\"wp-block-heading\">Vapaaehtoinen pelastuspalvelu<\/h2>\n\n\n\n<p>Vapaaehtoinen pelastuspalvelu on ollut osa seuramme toimintaa alusta asti. Toimimme viranomaisten apuna kiireett\u00f6miss\u00e4 vesietsinn\u00f6iss\u00e4.<\/p>\n","protected":false},"excerpt":{"rendered":"<p>Sukellustoimintamme keskittyy talvikaudella AaltoAlvarille ja kes\u00e4isin Keski-Suomen vesist\u00f6ihin. Avovesikauden k\u00e4ynnist\u00e4v\u00e4t uimarantojen puhdistustalkoot. Perinteisiimme kuuluu my\u00f6s Norjan leiri hein\u00e4kuussa sek\u00e4 matkat etel\u00e4isille vesille vaihtelevissa kokoonpanoissa. Laitesukellus Kes\u00e4kaudella j\u00e4rjest\u00e4mme viikkosukelluksen l\u00e4hivesiin joka &hellip; <\/p>\n<p class=\"link-more\"><a href=\"https:\/\/sammakot.com\/new\/toiminta\/\" class=\"more-link\">Jatka lukemista<span class=\"screen-reader-text\"> &#8221;Toiminta&#8221;<\/span><\/a><\/p>\n","protected":false},"author":2,"featured_media":0,"parent":0,"menu_order":0,"comment_status":"closed","ping_status":"closed","template":"","meta":{"footnotes":""},"class_list":["post-13","page","type-page","status-publish","hentry"],"_links":{"self":[{"href":"https:\/\/sammakot.com\/new\/wp-json\/wp\/v2\/pages\/13","targetHints":{"allow":["GET"]}}],"collection":[{"href":"https:\/\/sammakot.com\/new\/wp-json\/wp\/v2\/pages"}],"about":[{"href":"https:\/\/sammakot.com\/new\/wp-json\/wp\/v2\/types\/page"}],"author":[{"embeddable":true,"href":"https:\/\/sammakot.com\/new\/wp-json\/wp\/v2\/users\/2"}],"replies":[{"embeddable":true,"href":"https:\/\/sammakot.com\/new\/wp-json\/wp\/v2\/comments?post=13"}],"version-history":[{"count":12,"href":"https:\/\/sammakot.com\/new\/wp-json\/wp\/v2\/pages\/13\/revisions"}],"predecessor-version":[{"id":553,"href":"https:\/\/sammakot.com\/new\/wp-json\/wp\/v2\/pages\/13\/revisions\/553"}],"wp:attachment":[{"href":"https:\/\/sammakot.com\/new\/wp-json\/wp\/v2\/media?parent=13"}],"curies":[{"name":"wp","href":"https:\/\/api.w.org\/{rel}","templated":true}]}}