{"id":56,"date":"2018-12-02T18:01:45","date_gmt":"2018-12-02T16:01:45","guid":{"rendered":"http:\/\/sammakot.com\/new\/?page_id=56"},"modified":"2023-07-27T21:05:27","modified_gmt":"2023-07-27T18:05:27","slug":"junnut","status":"publish","type":"page","link":"https:\/\/sammakot.com\/new\/toiminta\/junnut\/","title":{"rendered":"Junioritoiminta"},"content":{"rendered":"\n<p class=\"has-background has-text-align-center has-small-font-size has-very-light-gray-background-color\"><a href=\"http:\/\/sammakot.com\/new\/toiminta\/sukelluskoulutus\/\">Sukelluskoulutus<\/a> | <a href=\"http:\/\/sammakot.com\/new\/toiminta\/junnut\/\">Junnut<\/a> | <a href=\"http:\/\/sammakot.com\/new\/toiminta\/sukelluskohteet\/\">Sukelluskohteet<\/a>\u00a0| <a href=\"https:\/\/sammakot.com\/new\/toiminta\/viikkosukellukset\/\">Viikkosukellukset <\/a>| <a href=\"http:\/\/sammakot.com\/new\/toiminta\/uimahalli\/\">Uimahalli<\/a> | <a href=\"http:\/\/sammakot.com\/new\/toiminta\/seuran-tilat-ja-kalusto\/\">Tilat ja kalusto<\/a> | <a href=\"http:\/\/sammakot.com\/new\/toiminta\/leirit\/\">Leirit<\/a> <\/p>\n\n\n\n<h2 class=\"wp-block-heading\">Junnuryhm\u00e4t<\/h2>\n\n\n\n<p>Sammakoiden junnutoiminnalla on pitk\u00e4t perinteet jo 80-luvulta asti. Junnutoimintamme on Sukeltajaliiton alaista norppatoimintaa. T\u00e4ll\u00e4 hetkell\u00e4 meill\u00e4 toimii kaksi junnuryhm\u00e4\u00e4:<\/p>\n\n\n\n<ul class=\"wp-block-list\">\n<li>n. 7-10 -vuotiaat Nuijap\u00e4\u00e4t<\/li>\n\n\n\n<li>yli 10-vuotiaat Kurnut<\/li>\n<\/ul>\n\n\n\n<h2 class=\"wp-block-heading\">Mukaan?<\/h2>\n\n\n\n<p>Junnuryhm\u00e4t harjoittelevat sunnuntaisin AaltoAlvarissa. Kysy ryhmien tilannetta: juniorit (at) sammakot.com<\/p>\n\n\n\n<h2 class=\"wp-block-heading\">Hy\u00f6dyllisi\u00e4 linkkej\u00e4<\/h2>\n\n\n\n<p><a href=\"https:\/\/www.sukeltaja.fi\/content\/fi\/11501\/52931\/Vanhemmalle.html\">Ohjeita varusteiden hankintaan<\/a><\/p>\n","protected":false},"excerpt":{"rendered":"<p>Junnuryhm\u00e4t Sammakoiden junnutoiminnalla on pitk\u00e4t perinteet jo 80-luvulta asti. Junnutoimintamme on Sukeltajaliiton alaista norppatoimintaa. T\u00e4ll\u00e4 hetkell\u00e4 meill\u00e4 toimii kaksi junnuryhm\u00e4\u00e4: Mukaan? Junnuryhm\u00e4t harjoittelevat sunnuntaisin AaltoAlvarissa. Kysy ryhmien tilannetta: juniorit (at) &hellip; <\/p>\n<p class=\"link-more\"><a href=\"https:\/\/sammakot.com\/new\/toiminta\/junnut\/\" class=\"more-link\">Jatka lukemista<span class=\"screen-reader-text\"> &#8221;Junioritoiminta&#8221;<\/span><\/a><\/p>\n","protected":false},"author":2,"featured_media":0,"parent":13,"menu_order":0,"comment_status":"closed","ping_status":"closed","template":"","meta":{"footnotes":""},"class_list":["post-56","page","type-page","status-publish","hentry"],"_links":{"self":[{"href":"https:\/\/sammakot.com\/new\/wp-json\/wp\/v2\/pages\/56","targetHints":{"allow":["GET"]}}],"collection":[{"href":"https:\/\/sammakot.com\/new\/wp-json\/wp\/v2\/pages"}],"about":[{"href":"https:\/\/sammakot.com\/new\/wp-json\/wp\/v2\/types\/page"}],"author":[{"embeddable":true,"href":"https:\/\/sammakot.com\/new\/wp-json\/wp\/v2\/users\/2"}],"replies":[{"embeddable":true,"href":"https:\/\/sammakot.com\/new\/wp-json\/wp\/v2\/comments?post=56"}],"version-history":[{"count":19,"href":"https:\/\/sammakot.com\/new\/wp-json\/wp\/v2\/pages\/56\/revisions"}],"predecessor-version":[{"id":665,"href":"https:\/\/sammakot.com\/new\/wp-json\/wp\/v2\/pages\/56\/revisions\/665"}],"up":[{"embeddable":true,"href":"https:\/\/sammakot.com\/new\/wp-json\/wp\/v2\/pages\/13"}],"wp:attachment":[{"href":"https:\/\/sammakot.com\/new\/wp-json\/wp\/v2\/media?parent=56"}],"curies":[{"name":"wp","href":"https:\/\/api.w.org\/{rel}","templated":true}]}}